of s(7)?
2, 509
Let s be (-374)/(-99) + 4/18. Suppose c = -c + 4*o + 4, s*c = -o + 35. Let g(d) = -d**2 + 12*d + 1. List the prime factors of g(c).
3, 11
What are the prime factors of 204 - (-6)/((-4)/(-10)*5)?
3, 23
Let c = 402 + -253. List the prime factors of c.
149
Let d = 907 + -508. What are the prime factors of d?
3, 7, 19
Let c(w) = -w**2 + 1. Let l be c(2). Let y be l/(-2)*(-8)/6. What are the prime factors of (-651)/(-28) - y/(-8)?
23
Let m be 1/2 - (-207)/6. Suppose 0 = -4*s + m + 29. Let n = s - -5. List the prime factors of n.
3, 7
Suppose -166 = 3*m + 5*g + 40, -5*g + 166 = -3*m. Suppose 0 = -5*v - 2*v + 21. List the prime factors of m/(-6) - 1/v.
2, 5
Let t = -19 + 18. Let a be ((-190)/15)/(t/12). Suppose o - 56 = -c, -36 - a = -4*o + 5*c. List the prime factors of o.
2, 13
Let o(w) = -336*w - 4. Let f be o(-4). Let v be (-24)/(-13) + 9/((-585)/(-10)). List the prime factors of f/32 + v/16.
2, 3, 7
Let c = 70 + -59. Let o = 65 - c. What are the prime factors of o?
2, 3
Let f(t) = t**3 + 21*t**2 + 64*t + 11. What are the prime factors of f(-15)?
401
Let r = 41 + -38. Suppose f = -2*t + 167, -r*t - 698 = -3*f - 161. List the prime factors of f.
5, 7
Let z be 0 - -1*(4 + 0). Let q = z - 6. Let b(u) = -13*u + 6. What are the prime factors of b(q)?
2
Suppose -11*d = 7 + 92. Let t(k) = -10*k - 29. What are the prime factors of t(d)?
61
Let c = 112 + -122. List the prime factors of 607/4 - c/40.
2, 19
Let t(h) = -4*h - 5. Suppose 2*j = o - 15, j - 1 + 12 = -3*o. What are the prime factors of t(j)?
3
List the prime factors of ((24661/(-14))/13)/(1/(-10)).
5, 271
What are the prime factors of (168/16 - -11)*138?
3, 23, 43
Let z(f) = 15*f - 11. Let o(b) = 2*b + 15. Let m be o(-5). What are the prime factors of z(m)?
2
Let l(z) = -2*z + 1. Let i be l(2). Let d be (4 - (14 + -5)) + 13. What are the prime factors of 1 - (-4 - i - d)?
2, 5
Let a(w) = 2*w**2 - 52*w - 60. What are the prime factors of a(39)?
2, 3, 53
Suppose 29*b - 25*b - 16 = 0. Suppose -2*q - b = 2*q, 0 = 4*a - 4*q - 8. What are the prime factors of ((-40)/a)/4*-4?
2, 5
Let q = -51 + 89. Suppose 3*t - t - q = 0. What are the prime factors of t?
19
Let m(d) = -d**3 + 3*d**2 + 5*d - 1. Let f be m(4). Suppose 0 = 4*t + f*t - 336. What are the prime factors of t?
2, 3
Let u be -2*(-1)/(-2)*-10. Suppose -3*p = -p - u. Suppose 4*o = -j + 58, 23 = o + j - p*j. List the prime factors of o.
3, 5
Let l(s) = 6*s + 167. What are the prime factors of l(18)?
5, 11
Suppose 1 = 2*q + 13. Let g(r) = r**3 + 6*r**2 - 7*r - 8. Let d be g(q). Suppose w - 3*p - p = d, 106 = 4*w - p. What are the prime factors of w?
2, 13
Let u(a) = -4*a + 3. Let q be u(0). Let v(j) = 2*j**3 - 2*j**2 + j + 3. What are the prime factors of v(q)?
2, 3, 7
Let r(v) = 6*v**2 + 7*v + 77. What are the prime factors of r(-7)?
2, 7, 23
Let c(j) = -j**2 + 21*j + 13. Let t be c(18). Suppose -23 = -t*i + 66*i. What are the prime factors of i?
23
Suppose -1454 = -10*f + 2276. What are the prime factors of f?
373
Let s(m) = m**3 + 22*m**2 + m - 16. Let j be s(-20). Suppose -7*z = -j - 937. List the prime factors of z.
3
Let q(h) = -3*h**3 - 2*h**2 + 21*h - 21. What are the prime factors of q(-10)?
7, 367
List the prime factors of ((-22335)/(-20))/((-12)/(-16) + 0).
1489
Let r = -29 - 33. Let u = r + 116. What are the prime factors of u*(44/12 + -3)?
2, 3
Let c(h) = h**2 + 3*h + 3. Let w be c(-3). What are the prime factors of (w - (-254)/4)*2?
7, 19
Suppose -2*y - 3*o = -4, 3*y + 2*o = 2*y. Suppose -c = 3*c + 28. What are the prime factors of (c - -1)*(-20)/y?
3, 5
Suppose 2*c + g = 1832, 680 = 4*c + g - 2984. List the prime factors of c.
2, 229
Suppose 6798 = 5*n - 2*g, 3*n - 3*g - 4066 = -5*g. List the prime factors of n.
2, 7, 97
Let n(h) = -h + 5. Let l = 5 + 1. Let r be n(l). Let d = 30 + r. What are the prime factors of d?
29
Suppose 64*k - 67*k + 12 = 0. Suppose k*m = 3*h - 15 - 14, -m = 2*h - 23. What are the prime factors of h?
11
Let s be (-2)/(-4) - 435/(-10). Suppose -s - 36 = -2*j. Suppose -2*x + 12 = -j. What are the prime factors of x?
2, 13
Suppose 4*d = 569 - 161. Let o be ((-56)/(-6))/((-7)/((-315)/6)). Let y = d - o. What are the prime factors of y?
2
Let s(m) = -m**2 - 28*m + 234. What are the prime factors of s(0)?
2, 3, 13
Let s(o) = 21*o**2 - o + 4. Let y be s(-3). Suppose 6 = -3*w + 72. Suppose w - y = -3*l. What are the prime factors of l?
2, 29
Suppose 5*i - 341 + 101 = 0. List the prime factors of i.
2, 3
Suppose -n - 10*v + 14*v + 2522 = 0, -5*v - 12580 = -5*n. What are the prime factors of n?
2, 3, 419
Let z(c) = -87*c**3 + 5*c**2 - 4*c - 5. What are the prime factors of z(-4)?
5659
Let j(x) = 12*x**2 + 5*x + 4. Let q be j(-3). Let z = -65 + q. Suppose -a + 0*a + z = 0. What are the prime factors of a?
2
Let m(a) = 216*a + 149. Let r(v) = -54*v - 37. Let l(s) = -2*m(s) - 9*r(s). Let h(x) = -11*x - 7. Let f(q) = 11*h(q) + 2*l(q). List the prime factors of f(-6).
71
Suppose 52 + 188 = 4*i. Let x be (6/2 + -2)*i. Let w = -29 + x. What are the prime factors of w?
31
Let h(z) = -3*z + 32. Let n be h(8). Suppose -6*i = -4*k - 4*i + 752, -n = 4*i. What are the prime factors of k?
11, 17
Let s = 128 - -116. Suppose 256 = 2*d - s. List the prime factors of d.
2, 5
What are the prime factors of (-119)/2*(-2200)/350?
2, 11, 17
Let b = -536 + 1292. Suppose b = 2*f + 7*f. List the prime factors of f.
2, 3, 7
Let l(s) = s**3 - 2*s**2 + s - 1. Let n be l(2). Let p(m) = m**2 + 8*m + 12. Let k be p(-5). What are the prime factors of (-294)/(-9) - n/k?
3, 11
Suppose 4*y - 5*i = 2*y + 28, -2*i - 8 = 0. Suppose 0 = -3*w + 4*x + 48, -y*w - 5*x + 32 + 32 = 0. What are the prime factors of w?
2
List the prime factors of (-19)/(133/(-5530)) + 4.
2, 397
Let l(g) = -41*g**3 - 6*g**2 + 17*g + 94. List the prime factors of l(-4).
2, 1277
Let n = -86 - -202. Suppose 2*v - n - 10 = 0. List the prime factors of v.
3, 7
Suppose 0 = 5*y - j - 7796, 5*y - 3*j = -6*j + 7812. List the prime factors of y.
2, 3, 5, 13
Let d(g) = -161*g + 20. Let q be d(5). What are the prime factors of q/(-3) - (-8)/24?
2, 131
Suppose -30*v = -23*v - 6202. What are the prime factors of v?
2, 443
Let f(r) = 14*r**2 + 37*r - 27. What are the prime factors of f(-12)?
3, 5, 103
Suppose 4*g - 119 = 3*g. Let k = g + -48. Let f = k + -36. What are the prime factors of f?
5, 7
Let a(g) = g. Let j = 6 - 4. Let s be a(j). Suppose s*f - k + 66 = 5*f, 48 = 2*f + 2*k. List the prime factors of f.
3, 7
Let y = -57 - -62. Suppose 0 = y*f - 2*f + r - 52, 0 = -4*f - r + 71. List the prime factors of f.
19
Let c = 3 + 1. Suppose -c*w - 3*q = -95, -2*q = w - q - 24. List the prime factors of w.
23
Suppose 5 = x + 4. Suppose 3*p = -2*b + 10, -x = 4*b + 3. Suppose -18 = -p*u + 18. List the prime factors of u.
3
Let j = 49 - 49. Suppose j = 2*d - 7*d + 650. List the prime factors of d.
2, 5, 13
Let f = -240 + 955. List the prime factors of f.
5, 11, 13
Let a be 2 - (-2)/((-6)/9). Let f be (a/(-2))/(3/72). Suppose -4*z = -2*z - f. What are the prime factors of z?
2, 3
Suppose 3*s + 1060 = -74*q + 75*q, 3*s + 3 = 0. List the prime factors of q.
7, 151
Let i(f) = f**2 + 22*f + 13. Let b be i(9). Suppose 6*q - b = 2*q. What are the prime factors of q?
73
Let t(j) = j**2 - 2*j + 4. Let y be t(3). Suppose y*k - 16 = 3*k. Suppose 0 = k*o - 5*i - 307, 0*i = -2*i - 6. What are the prime factors of o?
73
Let a = 416 + -212. Let t = 355 - a. Let b = t - 105. List the prime factors of b.
2, 23
Let u be (-1 - 11)*16/(-24). Suppose -4*w = u*f - 3*f - 9, 3*w - 2 = f. Suppose w = -y + 49. What are the prime factors of y?
2, 3
Suppose 3*d - 39 = -27. What are the prime factors of 9/(-18) - (-54)/d?
13
Suppose -b = -j + 103, 5*j = -5*b + 117 + 398. List the prime factors of j + (-8)/16 + (-2)/(-4).
103
Suppose 44*z + 1792 = 58*z. What are the prime factors of z?
2
Suppose -3*u = u - 12. Suppose 3*h = 6, u*z + 4*h - 349 = 8*h. List the prime factors of z.
7, 17
Let l = -509 - -757. Suppose 7*i = 9*i - l. What are the prime factors of i?
2, 31
Suppose -5*n - 1850 = -4*z, 3*n - 454 = 8*z - 9*z. What are the prime factors of z?
2, 5, 23
Let o(a) = 14*a**2 + 39*a + 338. What are the prime factors of o(-18)?
2, 7, 149
Let u(x) = x**2 - 2*x + 2. Let t be u(2). Suppose -c + 17 = 5*n, -n = c + t*c